j*q + s = -q. List the prime factors of q.
7
Let r be 6988/(-12) + (-4)/(-3). Let c = -309 - r. List the prime factors of c.
2, 17
Let j(k) = 15*k**2 + 3*k + 21. Let h be j(8). Suppose 2*p + 3*p - 3*g = 1254, -4*p = -3*g - h. List the prime factors of p.
3, 83
Let l = 13565 + -7667. What are the prime factors of l?
2, 3, 983
Suppose 4*d = 4*y - 3660, -672*y = -675*y - 3*d + 2775. List the prime factors of y.
2, 5, 23
Let o(x) = -7 - 112*x + 62*x - 2 - 22*x. List the prime factors of o(-12).
3, 5, 19
Suppose 5*q = 3*t + 7 + 6, t + 7 = 3*q. Suppose w + 1579 = 2*z, -q*w + 1259 - 477 = z. What are the prime factors of z?
2, 197
Suppose 14*j + 3147 + 6499 = 0. Let n = -194 - j. What are the prime factors of n?
3, 5, 11
Let f(a) = -82*a + 6. Let c be f(-7). Let u = 676 + -281. Let q = c - u. List the prime factors of q.
5, 37
Suppose -24213 + 238 = -5*c. Suppose 5*g - 47*m = -43*m + 4785, -5*g + c = -2*m. List the prime factors of g.
31
Suppose 995388 = 8*p + 19*p + 124044. What are the prime factors of p?
2, 2017
Let y = 12885 - 7240. What are the prime factors of y?
5, 1129
Let f = -2381 + 3453. Suppose 0 = 3*n - 5*n - 2*g - 536, -5*g = -4*n - f. Let m = -154 - n. List the prime factors of m.
2, 3, 19
Let t(r) = -r**3 + 3*r**2 - 2*r + 3. Let c be t(2). Suppose 2*n = -1 + 3, c*v + 3*n = 234. Suppose i = 147 - v. List the prime factors of i.
2, 5, 7
Suppose -16*v = -22*v + 4290. Let d = v - 434. What are the prime factors of d?
281
Suppose -q - 255 = 76. Let u = 342 - q. What are the prime factors of u?
673
Let m(q) = q**2 + 19*q + 23. Let h be m(-18). Let k(f) = f**3 - 4*f + 3. Let d be k(1). Suppose d = h*j - 190 - 350. List the prime factors of j.
2, 3
List the prime factors of (50/100*(0 - 29))/((-2)/1888).
2, 29, 59
Let t(d) = 2*d**2 + 32*d + 24. Suppose 11*y = 7*y - 324. Let n = y - -61. What are the prime factors of t(n)?
2, 23
Let n(g) = 627*g**2 + 306*g + 1522. List the prime factors of n(-5).
15667
Suppose 248 = j + 7. Let u = j + 160. What are the prime factors of u?
401
Let k be (2684/12 + -7)*(-1 + 4). Let w = 101 - 60. Suppose w*b - k = 36*b. List the prime factors of b.
2, 5, 13
Let s = 3 + -1. Suppose 0 = o + 21*c - 13*c - 45, -5*o + 5*c = 0. Suppose s*h + o = z + 3, 0 = -z - 3*h + 22. List the prime factors of z.
2, 5
List the prime factors of (18 - 37/2) + 53499/6.
2, 3, 743
Let v(i) = 21*i - 65. Let o be v(5). Suppose o*p = 50*p - 6630. What are the prime factors of p?
3, 13, 17
Let q(w) = 5*w. Let m be q(0). Suppose -3*x + 4*c - 46 = 2*c, -5*x + 3*c - 77 = m. What are the prime factors of (0 - 1257/(-15)) + x/20?
83
Suppose 5*f - 2*f + 198 = 0. Suppose -5*n = 2*b + 464, 102 = -n - 2*b - 3*b. Let x = f - n. What are the prime factors of x?
2, 13
Let d(z) = z**2 - 12*z - 14. Let a be d(12). Let t = -16 - a. What are the prime factors of (0 + -2)/t - -44?
3, 5
Suppose 0 = 4*n + 89 - 81, 2*h - 11690 = -n. List the prime factors of h.
2, 37, 79
Let n = 796 - 457. Suppose -3*m + 5*q + n + 326 = 0, -2 = -q. Suppose -m - 303 = -6*g. List the prime factors of g.
2, 11
Suppose -152*v - 36 = -164*v. Suppose 3*m - 14 = -4*u, u - 5 - 21 = -v*m. List the prime factors of m.
2, 5
Let l = -6705 - -18415. What are the prime factors of l?
2, 5, 1171
Let x = 38047 - 15044. What are the prime factors of x?
23003
Suppose 2*f = -3*q - 15, -3*f + 3*q + 8 + 7 = 0. Suppose 5*b - 19*b + 3234 = f. What are the prime factors of b?
3, 7, 11
Let o(z) = -z**3 + 23*z**2 - 28*z + 7. Let d be o(21). Let x = d - 32. What are the prime factors of x?
269
What are the prime factors of 9812 - (1/(10/32) - 2340/1950)?
2, 3, 5, 109
Let t(f) = 13*f**2 - 501*f - 10387. What are the prime factors of t(-21)?
5867
Let i be (-34)/4 + (-2)/4. Let p(o) = -23*o - 45. Let h(k) = 15*k + 30. Let g(t) = -8*h(t) - 5*p(t). What are the prime factors of g(i)?
2, 3, 5
Let z(d) = 465*d**2 + 187*d - 1991. List the prime factors of z(11).
3, 11, 569
Let b = 8 - 2. Let a(m) = 3*m**2 - 13*m - 1. Let z be a(b). Suppose -5*f + 1 = -z. List the prime factors of f.
2, 3
Let z = -584 + -248. Let p = -473 - z. What are the prime factors of p?
359
Let g = 33931 - -1780. What are the prime factors of g?
13, 41, 67
Let g(a) = a**3 - 7*a**2 + 3*a + 8. List the prime factors of g(19).
4397
Let n(q) = -5*q - 13. Let u = -65 - -201. Suppose 10*v + u = 2*v. List the prime factors of n(v).
2, 3
Let j(s) = 6536*s**2 + 426*s. What are the prime factors of j(-2)?
2, 6323
Suppose 37599 = 5*v - 2*k, 0 = v - 4*k - 318 - 7209. List the prime factors of v.
73, 103
Let f(g) = -1618*g + 5033. What are the prime factors of f(-20)?
61, 613
Let d be 2*-1 - (-2 - 0). Suppose -3*j = -d - 6. Suppose 0 = 3*z + 4*h - 78, -3*h = j*z - 2*h - 47. List the prime factors of z.
2, 11
Suppose -3*a = 3*a - 31200. List the prime factors of (-7)/((-168)/a) + 2/(-3).
2, 3
Let i(g) = g**2 - 19*g + 27. Let s be i(19). Suppose -212 = -s*l + 25*l. What are the prime factors of l?
2, 53
Let r = 118 - 121. What are the prime factors of (-1)/(-3*r/(-2745))?
5, 61
Let k = 503 + -504. List the prime factors of (k/3)/((-8)/5688).
3, 79
Let m(a) = 117*a**2 + 2 - 234*a**2 + 3*a + 1 + 117*a**2 - 162*a**3. Let i be 3/(-3*1) - 0. What are the prime factors of m(i)?
2, 3
Suppose 3*u = 4*r + 56 - 12, 20 = 2*u + 2*r. What are the prime factors of 9*((604/u - -1) + 1)?
3, 157
Let k(y) be the third derivative of -7*y**4/24 - 7*y**3/2 + 9*y**2. Let d be k(-7). What are the prime factors of d/(-154) + 651/11?
59
Let z(a) = a**3 + 6*a**2 + 5*a - 4. Let b(s) = 3*s + 16. Let h be b(-5). Let c(v) = v**2. Let i(y) = h*z(y) - 4*c(y). What are the prime factors of i(3)?
2, 7
Let m(h) = 321*h**2 - 96*h + 854. List the prime factors of m(14).
2, 7, 13
List the prime factors of -519*292/365*(-2)/(-12)*-25.
2, 5, 173
Let z = 38976 - 14978. What are the prime factors of z?
2, 13, 71
Let m(n) = 245*n**2 - 40*n + 20. Let b be m(7). Suppose 0 = x + 8*x - b. List the prime factors of x.
3, 5, 29
Let v(p) = -p**2 - 16*p - 10. Let f be v(-15). Suppose -351 = -4*q + r, f*q = r + r + 435. List the prime factors of q.
89
Suppose 4*c = -20, -q + 32888 = -14*c + 17*c. List the prime factors of q.
13, 2531
Let s(o) = -3*o - 28. Let a(v) = -2*v - 29. Let r(f) = -3*a(f) + 4*s(f). Let m be r(-4). What are the prime factors of 184/8 + 1/m*1?
2, 11
Let x = -88 - 3. Let v = -80 - x. What are the prime factors of v?
11
Let z = -2632 - -6801. List the prime factors of z.
11, 379
Suppose 2*g + 15*m - 16*m = 15732, 2*m - 39303 = -5*g. What are the prime factors of g?
3, 2621
Suppose 390 + 296 = 7*t. Suppose -5*k = -3*r + 469, -r + 5*k + 55 = -t. Suppose d + 3 = -4*p + 37, 3*d = 2*p + r. List the prime factors of d.
2, 5
Suppose 0 = -348*h + 2196852 - 303384. List the prime factors of h.
5441
Let u(s) = 7*s**2 + 21*s + 8. Let z be u(-9). Let q = -376 + z. List the prime factors of q.
2, 5
Let y = -5940 + 13782. List the prime factors of y.
2, 3, 1307
Let l(n) = n**2 - 3*n + 4. Let v be l(0). Suppose -v*g + 211 = f - 169, 0 = -g + 4. What are the prime factors of f?
2, 7, 13
Let l(j) = 8*j**2 - 192*j - 3271. What are the prime factors of l(93)?
5, 9613
Let b = 26244 - 13235. List the prime factors of b.
13009
Let y = -50 - -52. Suppose -y*b + t = -4*t - 189, 3*b - 273 = -3*t. List the prime factors of b.
2, 23
Let w be 0 - 32/24 - 532/6. Let v = -49 - w. List the prime factors of v.
41
Let a be ((-198)/1)/((-3)/(-2) + -2). Suppose 6*y - 5*o + a = 2*y, 400 = -4*y + 4*o. What are the prime factors of (2626/y)/((-1)/4)?
101
Suppose j + 4*r = 43654, 407*j - 408*j + 43636 = -5*r. List the prime factors of j.
2, 139, 157
Let d be (-6 - 0)/((-64)/8 - -9). Let m(w) = -3*w - 16. Let a be m(d). Suppose 3*q = a*z + 53 + 660, -25 = -5*z. What are the prime factors of q?
241
Let k(r) = -3*r + 8. Let c(h) = -2*h**2 + 4*h - 18. Let y(m) = m**2 - 2*m + 9. Let n(b) = 4*c(b) + 7*y(b). Let z be n(0). List the prime factors of k(z).
5, 7
Let c be (-12)/8*40/(-12). Suppose 7*d + 2*j - 1519 = 2*d, 4*j = -c*d + 1513. What are the prime factors of d?
5, 61
Let l(y) = y + 18. Let r be l(3). Let c be -1 + 0 + (r - 16). What are the prime factors of 3 + (6 - (c - 0)) + 72?
7, 11
Let s be ((-6)/(-10) - -1)*-10. Let x = -28 - s. Let v(z) = z**3 + 14*z**2 + 15*z + 15. What are the prime factors of v(x)?
3, 41
Let p 